{"id":260,"date":"2025-07-28T13:28:04","date_gmt":"2025-07-28T11:28:04","guid":{"rendered":"https:\/\/cus.slupno.eu\/www\/?page_id=260"},"modified":"2025-07-28T13:28:04","modified_gmt":"2025-07-28T11:28:04","slug":"specjalny-zasilek-opiekunczy","status":"publish","type":"page","link":"https:\/\/cus.slupno.eu\/www\/specjalny-zasilek-opiekunczy\/","title":{"rendered":"Specjalny zasi\u0142ek opieku\u0144czy"},"content":{"rendered":"\n<p><strong>Specjalny zasi\u0142ek opieku\u0144czy<\/strong><\/p>\n\n\n\n<p>Wysoko\u015b\u0107 specjalnego zasi\u0142ku opieku\u0144czego wynosi<strong> 620 z<\/strong>\u0142 miesi\u0119cznie.<\/p>\n\n\n\n<p>Specjalny zasi\u0142ek opieku\u0144czy przys\u0142uguje osobom, na kt\u00f3rych zgodnie z przepisami ustawy&nbsp;z dnia 25 lutego 1964 r. &#8211; Kodeks rodzinny i opieku\u0144czy&nbsp; ci\u0105\u017cy obowi\u0105zek alimentacyjny, a tak\u017ce ma\u0142\u017conkom, je\u017celi:<\/p>\n\n\n\n<ul class=\"wp-block-list\">\n<li>nie podejmuj\u0105 zatrudnienia lub innej pracy zarobkowej lub<\/li>\n\n\n\n<li>rezygnuj\u0105 z zatrudnienia lub innej pracy zarobkowej<\/li>\n<\/ul>\n\n\n\n<p>&#8211;&nbsp;&nbsp;&nbsp;w celu sprawowania sta\u0142ej opieki nad osob\u0105 legitymuj\u0105c\u0105 si\u0119 orzeczeniem o znacznym stopniu niepe\u0142nosprawno\u015bci albo orzeczeniem o niepe\u0142nosprawno\u015bci \u0142\u0105cznie ze wskazaniami: konieczno\u015bci sta\u0142ej lub d\u0142ugotrwa\u0142ej opieki lub pomocy innej osoby w zwi\u0105zku ze znacznie ograniczon\u0105 mo\u017cliwo\u015bci\u0105 samodzielnej egzystencji oraz konieczno\u015bci sta\u0142ego wsp\u00f3\u0142udzia\u0142u na co dzie\u0144 opiekuna dziecka w procesie jego leczenia, rehabilitacji i edukacji.<\/p>\n\n\n\n<p>Zarejestrowanie w powiatowym urz\u0119dzie pracy jako osoba poszukuj\u0105ca pracy lub posiadanie statusu bezrobotnego nie ma wp\u0142ywu na uprawnienie do specjalnego zasi\u0142ku opieku\u0144czego.<\/p>\n\n\n\n<p>Specjalny zasi\u0142ek opieku\u0144czy przys\u0142uguje, je\u017celi \u0142\u0105czny doch\u00f3d rodziny osoby sprawuj\u0105cej opiek\u0119 oraz rodziny osoby wymagaj\u0105cej opieki w przeliczeniu na osob\u0119 nie przekracza kwoty kryterium dochodowego wynosz\u0105cego <strong>764 z\u0142 netto<\/strong> (na podstawie dochod\u00f3w z roku poprzedzaj\u0105cego okres zasi\u0142kowy z uwzgl\u0119dnieniem utraty i uzyskania dochodu).<\/p>\n\n\n\n<p>Za doch\u00f3d rodziny <strong>osoby sprawuj\u0105cej opiek\u0119<\/strong>, zgodnie z art. 3 pkt 16 ustawy o \u015bwiadczeniach rodzinnych, uwa\u017ca si\u0119 doch\u00f3d nast\u0119puj\u0105cych cz\u0142onk\u00f3w rodziny: ma\u0142\u017conk\u00f3w, rodzic\u00f3w dzieci, opiekuna faktycznego dziecka oraz pozostaj\u0105ce na utrzymaniu dzieci w wieku do uko\u0144czenia 25 roku \u017cycia, a tak\u017ce dziecko, kt\u00f3re uko\u0144czy\u0142o 25 rok \u017cycia legitymuj\u0105ce si\u0119 orzeczeniem o znacznym stopniu niepe\u0142nosprawno\u015bci, je\u017celi w zwi\u0105zku z t\u0105 niepe\u0142nosprawno\u015bci\u0105 przys\u0142uguje \u015bwiadczenie piel\u0119gnacyjne lub specjalny zasi\u0142ek opieku\u0144czy albo zasi\u0142ek dla opiekuna; do cz\u0142onk\u00f3w rodziny nie zalicza si\u0119 dziecka pozostaj\u0105cego pod opiek\u0105 opiekuna prawnego, dziecka pozostaj\u0105cego w zwi\u0105zku ma\u0142\u017ce\u0144skim, a tak\u017ce pe\u0142noletniego dziecka posiadaj\u0105cego w\u0142asne dziecko.<\/p>\n\n\n\n<p>Za doch\u00f3d rodziny <strong>osoby wymagaj\u0105cej opieki<\/strong>, uwa\u017ca si\u0119 doch\u00f3d nast\u0119puj\u0105cych cz\u0142onk\u00f3w rodziny:<\/p>\n\n\n\n<ol class=\"wp-block-list\">\n<li>w przypadku gdy osoba wymagaj\u0105ca opieki jest ma\u0142oletnia:<\/li>\n\n\n\n<li>a)\u00a0\u00a0osoby wymagaj\u0105cej opieki,<\/li>\n\n\n\n<li>b)\u00a0\u00a0rodzic\u00f3w osoby wymagaj\u0105cej opieki,<\/li>\n\n\n\n<li>c)\u00a0\u00a0ma\u0142\u017conka rodzica osoby wymagaj\u0105cej opieki,<\/li>\n\n\n\n<li>d)\u00a0\u00a0osoby, z kt\u00f3r\u0105 rodzic osoby wymagaj\u0105cej opieki wychowuje wsp\u00f3lne dziecko,<\/li>\n\n\n\n<li>e)\u00a0\u00a0pozostaj\u0105cych na utrzymaniu os\u00f3b, o kt\u00f3rych mowa w lit. a-d, dzieci w wieku do uko\u0144czenia 25. roku \u017cycia<\/li>\n<\/ol>\n\n\n\n<p>&#8211;&nbsp;&nbsp;z tym \u017ce do cz\u0142onk\u00f3w rodziny nie zalicza si\u0119 dziecka pozostaj\u0105cego pod opiek\u0105 opiekuna prawnego, dziecka pozostaj\u0105cego w zwi\u0105zku ma\u0142\u017ce\u0144skim, pe\u0142noletniego dziecka posiadaj\u0105cego w\u0142asne dziecko, a tak\u017ce rodzica osoby wymagaj\u0105cej opieki zobowi\u0105zanego tytu\u0142em wykonawczym pochodz\u0105cym lub zatwierdzonym przez s\u0105d&nbsp; do aliment\u00f3w na jej rzecz.<\/p>\n\n\n\n<ol start=\"2\" class=\"wp-block-list\">\n<li>w przypadku gdy osoba wymagaj\u0105ca opieki jest pe\u0142noletnia:<\/li>\n\n\n\n<li>a)\u00a0\u00a0osoby wymagaj\u0105cej opieki,<\/li>\n\n\n\n<li>b)\u00a0\u00a0ma\u0142\u017conka osoby wymagaj\u0105cej opieki,<\/li>\n\n\n\n<li>c)\u00a0\u00a0osoby, z kt\u00f3r\u0105 osoba wymagaj\u0105ca opieki wychowuje wsp\u00f3lne dziecko,<\/li>\n\n\n\n<li>d)\u00a0\u00a0pozostaj\u0105cych na utrzymaniu os\u00f3b, o kt\u00f3rych mowa w lit. a-c, dzieci w wieku do uko\u0144czenia 25. roku \u017cycia<\/li>\n<\/ol>\n\n\n\n<p>&#8211;&nbsp;&nbsp;&nbsp;z tym \u017ce do cz\u0142onk\u00f3w rodziny nie zalicza si\u0119 dziecka pozostaj\u0105cego pod opiek\u0105 opiekuna prawnego, dziecka pozostaj\u0105cego w zwi\u0105zku ma\u0142\u017ce\u0144skim, a tak\u017ce pe\u0142noletniego dziecka posiadaj\u0105cego w\u0142asne dziecko.<\/p>\n\n\n\n<p><strong>Specjalny zasi\u0142ek opieku\u0144czy nie przys\u0142uguje, je\u017celi:<\/strong><\/p>\n\n\n\n<ol class=\"wp-block-list\">\n<li>osoba sprawuj\u0105ca opiek\u0119<\/li>\n\n\n\n<li>a) ma ustalone prawo do emerytury, renty, renty rodzinnej z tytu\u0142u \u015bmierci ma\u0142\u017conka przyznanej w przypadku zbiegu prawa do renty rodzinnej i innego \u015bwiadczenia emerytalno-rentowego, renty\u00a0 socjalnej, zasi\u0142ku sta\u0142ego, nauczycielskiego \u015bwiadczenia kompensacyjnego, zasi\u0142ku przedemerytalnego, \u015bwiadczenia przedemerytalnego lub rodzicielskiego \u015bwiadczenia uzupe\u0142niaj\u0105cego, o kt\u00f3rym mowa w ustawie z dnia 31 stycznia 2019 r. o rodzicielskim \u015bwiadczeniu uzupe\u0142niaj\u0105cym,<\/li>\n\n\n\n<li>b) ma ustalone prawo do specjalnego zasi\u0142ku opieku\u0144czego, \u015bwiadczenia piel\u0119gnacyjnego lub zasi\u0142ku dla opiekuna, o kt\u00f3rym mowa w ustawie z dnia 4 kwietnia 2014 r. o ustaleniu i wyp\u0142acie zasi\u0142k\u00f3w dla opiekun\u00f3w,<\/li>\n\n\n\n<li>d)\u00a0 legitymuje si\u0119 orzeczeniem o znacznym stopniu niepe\u0142nosprawno\u015bci;<\/li>\n\n\n\n<li>\u00a0 osoba wymagaj\u0105ca opieki zosta\u0142a umieszczona w rodzinie zast\u0119pczej, z wyj\u0105tkiem rodziny zast\u0119pczej spokrewnionej, w rodzinnym domu dziecka albo, w zwi\u0105zku z konieczno\u015bci\u0105 kszta\u0142cenia, rewalidacji lub rehabilitacji, w plac\u00f3wce zapewniaj\u0105cej ca\u0142odobow\u0105 opiek\u0119, w tym w specjalnym o\u015brodku szkolno-wychowawczym, z wyj\u0105tkiem podmiotu wykonuj\u0105cego dzia\u0142alno\u015b\u0107 lecznicz\u0105, i korzysta w niej z ca\u0142odobowej opieki przez wi\u0119cej ni\u017c 5 dni w tygodniu;<\/li>\n\n\n\n<li><br>na osob\u0119 wymagaj\u0105c\u0105 opieki inna osoba ma ustalone prawo do wcze\u015bniejszej emerytury;<\/li>\n\n\n\n<li><br>na osob\u0119 wymagaj\u0105c\u0105 opieki jest ustalone prawo do dodatku do zasi\u0142ku rodzinnego, o kt\u00f3rym mowa w art. 10, prawo do specjalnego zasi\u0142ku opieku\u0144czego, prawo do \u015bwiadczenia piel\u0119gnacyjnego lub prawo do zasi\u0142ku dla opiekuna, o kt\u00f3rym mowa w ustawie z dnia 4 kwietnia 2014 r. o ustaleniu i wyp\u0142acie zasi\u0142k\u00f3w dla opiekun\u00f3w;<\/li>\n\n\n\n<li>na osob\u0119 wymagaj\u0105c\u0105 opieki inna osoba jest uprawniona za granic\u0105 do \u015bwiadczenia na pokrycie wydatk\u00f3w zwi\u0105zanych z opiek\u0105, chyba \u017ce przepisy o koordynacji system\u00f3w zabezpieczenia spo\u0142ecznego lub dwustronne umowy o zabezpieczeniu spo\u0142ecznym stanowi\u0105 inaczej.<\/li>\n<\/ol>\n\n\n\n<p>&nbsp;Zarejestrowanie w powiatowym urz\u0119dzie pracy jako osoba poszukuj\u0105ca pracy lub posiadanie statusu bezrobotnego nie ma wp\u0142ywu na uprawnienie do specjalnego zasi\u0142ku opieku\u0144czego.<\/p>\n\n\n\n<p>&nbsp;<strong>W przypadku zbiegu uprawnie\u0144 do nast\u0119puj\u0105cych \u015bwiadcze\u0144<\/strong>:<\/p>\n\n\n\n<ol class=\"wp-block-list\">\n<li>\u015bwiadczenia rodzicielskiego lub<\/li>\n\n\n\n<li>\u015bwiadczenia piel\u0119gnacyjnego, lub<\/li>\n\n\n\n<li>specjalnego zasi\u0142ku opieku\u0144czego, lub<\/li>\n\n\n\n<li>dodatku do zasi\u0142ku rodzinnego z tytu\u0142u opieki nad dzieckiem w okresie korzystania z urlopu wychowawczego, lub<\/li>\n\n\n\n<li>zasi\u0142ku dla opiekuna, o kt\u00f3rym mowa w ustawie\u00a0z dnia 4 kwietnia 2014 r. o ustaleniu i wyp\u0142acie zasi\u0142k\u00f3w dla opiekun\u00f3w<\/li>\n<\/ol>\n\n\n\n<p>&#8211;&nbsp;&nbsp;&nbsp;&nbsp;&nbsp;&nbsp;<strong>przys\u0142uguje jedno z tych \u015bwiadcze\u0144 wybrane przez osob\u0119 uprawnion\u0105<\/strong>.<\/p>\n\n\n\n<p>W przypadku, gdy o specjalny zasi\u0142ek opieku\u0144czy ubiegaj\u0105 si\u0119 rolnicy, ma\u0142\u017conkowie rolnik\u00f3w b\u0105d\u017a domownicy, \u015bwiadczenia te przys\u0142uguj\u0105 odpowiednio:<\/p>\n\n\n\n<ol class=\"wp-block-list\">\n<li>rolnikom w przypadku zaprzestania prowadzenia przez nich gospodarstwa rolnego;<\/li>\n\n\n\n<li>ma\u0142\u017conkom rolnik\u00f3w lub domownikom w przypadku zaprzestania prowadzenia przez nich gospodarstwa rolnego albo wykonywania przez nich pracy w gospodarstwie rolnym.<\/li>\n<\/ol>\n\n\n\n<p>Zaprzestanie prowadzenia gospodarstwa rolnego lub zaprzestanie wykonywania pracy w gospodarstwie rolnym potwierdza si\u0119 stosownym o\u015bwiadczeniem z\u0142o\u017conym pod rygorem odpowiedzialno\u015bci karnej za sk\u0142adanie fa\u0142szywych zezna\u0144. Sk\u0142adaj\u0105cy o\u015bwiadczenie jest obowi\u0105zany do zawarcia w nim klauzuli nast\u0119puj\u0105cej tre\u015bci: &#8222;Jestem \u015bwiadomy odpowiedzialno\u015bci karnej za z\u0142o\u017cenie fa\u0142szywego o\u015bwiadczenia.&#8221;. Klauzula ta zast\u0119puje pouczenie organu o odpowiedzialno\u015bci karnej za sk\u0142adanie fa\u0142szywych zezna\u0144.<\/p>\n","protected":false},"excerpt":{"rendered":"<p>Specjalny zasi\u0142ek opieku\u0144czy Wysoko\u015b\u0107 specjalnego zasi\u0142ku opieku\u0144czego wynosi 620 z\u0142 miesi\u0119cznie. Specjalny zasi\u0142ek opieku\u0144czy przys\u0142uguje osobom, na kt\u00f3rych zgodnie z przepisami ustawy&nbsp;z dnia 25 lutego 1964 r. &#8211; Kodeks rodzinny i opieku\u0144czy&nbsp; ci\u0105\u017cy obowi\u0105zek alimentacyjny, a tak\u017ce ma\u0142\u017conkom, je\u017celi: &#8211;&nbsp;&nbsp;&nbsp;w celu sprawowania sta\u0142ej opieki nad osob\u0105 legitymuj\u0105c\u0105 si\u0119 orzeczeniem o znacznym stopniu niepe\u0142nosprawno\u015bci albo orzeczeniem [&hellip;]<\/p>\n","protected":false},"author":1,"featured_media":0,"parent":0,"menu_order":0,"comment_status":"closed","ping_status":"closed","template":"","meta":{"footnotes":""},"class_list":["post-260","page","type-page","status-publish","hentry"],"_links":{"self":[{"href":"https:\/\/cus.slupno.eu\/www\/wp-json\/wp\/v2\/pages\/260","targetHints":{"allow":["GET"]}}],"collection":[{"href":"https:\/\/cus.slupno.eu\/www\/wp-json\/wp\/v2\/pages"}],"about":[{"href":"https:\/\/cus.slupno.eu\/www\/wp-json\/wp\/v2\/types\/page"}],"author":[{"embeddable":true,"href":"https:\/\/cus.slupno.eu\/www\/wp-json\/wp\/v2\/users\/1"}],"replies":[{"embeddable":true,"href":"https:\/\/cus.slupno.eu\/www\/wp-json\/wp\/v2\/comments?post=260"}],"version-history":[{"count":1,"href":"https:\/\/cus.slupno.eu\/www\/wp-json\/wp\/v2\/pages\/260\/revisions"}],"predecessor-version":[{"id":261,"href":"https:\/\/cus.slupno.eu\/www\/wp-json\/wp\/v2\/pages\/260\/revisions\/261"}],"wp:attachment":[{"href":"https:\/\/cus.slupno.eu\/www\/wp-json\/wp\/v2\/media?parent=260"}],"curies":[{"name":"wp","href":"https:\/\/api.w.org\/{rel}","templated":true}]}}