{"id":297,"date":"2025-07-28T13:49:45","date_gmt":"2025-07-28T11:49:45","guid":{"rendered":"https:\/\/cus.slupno.eu\/www\/?page_id=297"},"modified":"2025-07-28T13:49:45","modified_gmt":"2025-07-28T11:49:45","slug":"stypendium-szkolne-i-zasilki-szkolne","status":"publish","type":"page","link":"https:\/\/cus.slupno.eu\/www\/stypendium-szkolne-i-zasilki-szkolne\/","title":{"rendered":"Stypendium szkolne i zasi\u0142ki szkolne"},"content":{"rendered":"\n<p><strong>Co to jest socjalne stypendium szkolne?<\/strong><\/p>\n\n\n\n<p>To \u015bwiadczenie przydzielane uczniom w trudnej sytuacji materialnej i \u017cyciowej&nbsp;na pokrycie wydatk\u00f3w zwi\u0105zanych z edukacj\u0105. Nale\u017c\u0105 do nich: zaj\u0119cia dydaktyczne, j\u0119zykowe, artystyczne, sprz\u0119t komputerowy, wyposa\u017cenie ucznia, podr\u0119czniki, odzie\u017c sportowa, internet i wiele innych. Trzeba pami\u0119ta\u0107 o <strong>dokumentowaniu wydatk\u00f3w<\/strong> &#8211; instytucja przydzielaj\u0105ca \u015bwiadczenie mo\u017ce poprosi\u0107 o ich przed\u0142o\u017cenie.<\/p>\n\n\n\n<p><strong>Komu przys\u0142uguje stypendium socjalne dla uczni\u00f3w?<\/strong><\/p>\n\n\n\n<p>Stypendium szkolne dotyczy uczni\u00f3w szk\u00f3\u0142 publicznych i niepublicznych (r\u00f3wnie\u017c artystycznych z uprawnieniami szk\u00f3\u0142 publicznych), do czasu uko\u0144czenia edukacji, ale nie d\u0142u\u017cej ni\u017c do uko\u0144czenia przez ucznia 24 roku \u017cycia. Stypendium przys\u0142uguje r\u00f3wnie\u017c wychowankom o\u015brodk\u00f3w rewalidacyjno-wychowawczych do uko\u0144czenia przez nich 18 r.\u017c.<\/p>\n\n\n\n<p>Pomoc finansow\u0105 mo\u017ce dosta\u0107 ucze\u0144, kt\u00f3ry znajduje si\u0119 w trudnej sytuacji:<\/p>\n\n\n\n<ul class=\"wp-block-list\">\n<li>materialnej spowodowanej:\n<ul class=\"wp-block-list\">\n<li>niskim dochodem na osob\u0119 w rodzinie,<\/li>\n\n\n\n<li>wielodzietno\u015bci\u0105 rodziny lub niepe\u0142n\u0105 rodzin\u0105,<\/li>\n\n\n\n<li>wyst\u0119powaniem w domostwie:\n<ul class=\"wp-block-list\">\n<li>bezrobocia,<\/li>\n\n\n\n<li>niepe\u0142nosprawno\u015bci,<\/li>\n\n\n\n<li>choroby ci\u0119\u017ckiej, d\u0142ugotrwa\u0142ej lub nieuleczalnej,<\/li>\n\n\n\n<li>alkoholizmu,<\/li>\n\n\n\n<li>narkomanii<\/li>\n<\/ul>\n<\/li>\n<\/ul>\n<\/li>\n\n\n\n<li>\u017cyciowej spowodowanej zdarzeniem losowym.<\/li>\n<\/ul>\n\n\n\n<p><strong>Ile wynosi stypendium szkolne?<\/strong><\/p>\n\n\n\n<p>Wysoko\u015b\u0107 stypendium zale\u017cne jest od kryterium dochodowego na osob\u0119 oraz od uchwa\u0142y rady gminy, kt\u00f3rej dotyczy.<\/p>\n\n\n\n<p><strong>Kryterium dochodowe do stypendium szkolnego<\/strong><\/p>\n\n\n\n<p>Maksymalna wysoko\u015b\u0107 dochod\u00f3w&nbsp;okre\u015blona&nbsp;jest w ustawie rz\u0105dowej i wynosi obecnie <strong>528 z\u0142. <\/strong>Tej wysoko\u015bci nie mo\u017cna przekroczy\u0107, je\u015bli ubiegamy si\u0119 o \u015bwiadczenie.<\/p>\n\n\n\n<p><strong>Jak d\u0142ugo mo\u017cna otrzymywa\u0107 stypendium?<\/strong><\/p>\n\n\n\n<p>Stypendium szkolne przyznawane jest na minimum 1 miesi\u0105c, ale nie na d\u0142u\u017cej ni\u017c&nbsp;10 miesi\u0119cy. Nale\u017cy pami\u0119ta\u0107, \u017ce \u015bwiadczenie jest przydzielone tylko i wy\u0142\u0105cznie na cele edukacyjne, wydatki nale\u017cy udokumentowa\u0107 i przed\u0142o\u017cy\u0107 do wgl\u0105du.<\/p>\n\n\n\n<p><strong>Co mo\u017cna kupi\u0107 na stypendium szkolne?<\/strong><\/p>\n\n\n\n<p>Przy wydawaniu \u015brodk\u00f3w ze stypendium nale\u017cy pami\u0119ta\u0107 o dok\u0142adnym udokumentowaniu zakup\u00f3w szkolnych. Nale\u017c\u0105 do nich mi\u0119dzy innymi:<\/p>\n\n\n\n<ul class=\"wp-block-list\">\n<li>KSI\u0104\u017bKI &#8211; podr\u0119czniki, s\u0142owniki, encyklopedie, tablice matematyczne, chemiczne, mapy, atlasy<\/li>\n\n\n\n<li>ARTYKU\u0141Y PAPIERNICZE &#8211; zeszyty, d\u0142ugopisy, o\u0142\u00f3wki, kredki, farby, kleje, no\u017cyczki, ta\u015bmy klej\u0105ce, bloki techniczne, papier milimetrowy itp.<\/li>\n\n\n\n<li>WYPOSA\u017bENIE UCZNIA &#8211; plecak szkolny, torba sportowa<\/li>\n\n\n\n<li>ODZIE\u017b (jedna para ka\u017cdej odzie\u017cy na semestr):\n<ul class=\"wp-block-list\">\n<li>sportowa &#8211; str\u00f3j gimnastyczny (dresy, spodenki, koszulka, getry, skarpety), str\u00f3j k\u0105pielowy, czepek, klapki basenowe<\/li>\n\n\n\n<li>galowa &#8211; koszula, spodnie\/sp\u00f3dniczka, ale ju\u017c nie str\u00f3j komunijny czy studni\u00f3wkowy,<\/li>\n\n\n\n<li>szkolna typu mundurek, fartuszek &#8211; je\u015bli wymagany i potwierdzony przez szko\u0142\u0119<\/li>\n\n\n\n<li>obuwie sportowe &#8211; 2 pary na semestr,<\/li>\n\n\n\n<li>ochronna na praktyki, po potwierdzeniu przez szko\u0142\u0119 o konieczno\u015bci posiadania<\/li>\n<\/ul>\n<\/li>\n\n\n\n<li>WYPOSA\u017bENIE DODATKOWE zwi\u0105zane z wybran\u0105 szko\u0142\u0105 lub zaj\u0119ciami pozalekcyjnymi (wymagane potwierdzenie ucz\u0119szczania) w tym:\n<ul class=\"wp-block-list\">\n<li>sprz\u0119t do nauki zawodu \/ praktyk<\/li>\n\n\n\n<li>sprz\u0119t sportowy zwi\u0105zany z zaj\u0119ciami, na kt\u00f3re ucz\u0119szcza ucze\u0144 (np. rower, rakieta itp.)<\/li>\n\n\n\n<li>instrumenty muzyczne z potwierdzonym uczestnictwem na zaj\u0119ciach<\/li>\n<\/ul>\n<\/li>\n\n\n\n<li>MEBLE SZKOLNE &#8211; biurko, krzes\u0142o, lampka, ale ju\u017c\u00a0nie\u00a0rega\u0142y, szafy<\/li>\n\n\n\n<li>SPRZ\u0118T KOMPUTEROWY\n<ul class=\"wp-block-list\">\n<li>laptop, komputer, tablet wraz z osprz\u0119tem<\/li>\n\n\n\n<li>oprogramowanie<\/li>\n\n\n\n<li>drukarki, papier do drukarek, tonery<\/li>\n\n\n\n<li>serwis komputerowy, cz\u0119\u015bci<\/li>\n<\/ul>\n<\/li>\n\n\n\n<li>ZWROT WYDATK\u00d3W\n<ul class=\"wp-block-list\">\n<li>za domowy internet w miesi\u0105cach wrzesie\u0144 &#8211; czerwiec<\/li>\n\n\n\n<li>za dodatkowe zaj\u0119cia edukacyjne (muzyczne, sportowe, tematyczne, j\u0119zykowe)<\/li>\n\n\n\n<li>za dojazdy do szko\u0142y poza miejscem zamieszkania (cz\u0119\u015bciowy lub ca\u0142y)<\/li>\n\n\n\n<li>za zielone szko\u0142y &#8211; wycieczki edukacyjne organizowane przez plac\u00f3wki szkolne<\/li>\n<\/ul>\n<\/li>\n<\/ul>\n\n\n\n<p>Do uzasadnienia wydatku potrzebna b\u0119dzie oryginalny rachunek lub faktura imienna (na ucznia pe\u0142noletniego lub rodzica), z odpowiedni\u0105 adnotacj\u0105 przy produkcie:&nbsp;<em>szkolny, sportowy<\/em>&nbsp;(mo\u017ce by\u0107 odr\u0119czna adnotacja od sprzedawcy, ale z podpisem i piecz\u0105tk\u0105 sklepu).<\/p>\n\n\n\n<p><strong>Wniosek o stypendium szkolne (socjalne)<\/strong><\/p>\n\n\n\n<p><strong>Kto sk\u0142ada wniosek i gdzie?<\/strong><\/p>\n\n\n\n<p>Do z\u0142o\u017cenia wniosku upowa\u017cniony jest:<\/p>\n\n\n\n<ul class=\"wp-block-list\">\n<li>pe\u0142noletni ucze\u0144 (wniosek sk\u0142ada samodzielnie),<\/li>\n\n\n\n<li>rodzic lub opiekun prawny ucznia niepe\u0142noletniego,<\/li>\n\n\n\n<li>dyrektor szko\u0142y \/ plac\u00f3wki, do kt\u00f3rej ucz\u0119szcza ucze\u0144.<\/li>\n<\/ul>\n\n\n\n<p><strong>Jakie dokumenty s\u0105 potrzebne?<\/strong><\/p>\n\n\n\n<p>Aby uzyska\u0107 stypendium szkolne, nale\u017cy z\u0142o\u017cy\u0107:<\/p>\n\n\n\n<ul class=\"wp-block-list\">\n<li>wniosek o przyznanie stypendium szkolnego,<\/li>\n\n\n\n<li>o\u015bwiadczenie\/za\u015bwiadczenie o sytuacji rodzinnej i dochodowej os\u00f3b w gospodarstwie, w tym:\n<ul class=\"wp-block-list\">\n<li>za\u015bwiadczenia o wysoko\u015bci przychod\u00f3w za ostatni miesi\u0105c przed z\u0142o\u017ceniem wniosku,<\/li>\n\n\n\n<li>za\u015bwiadczenia z zak\u0142adu pracy,<\/li>\n\n\n\n<li>za\u015bwiadczenia z ZUS\/KRUS o rencie lub emeryturze lub ich waloryzacji (orygina\u0142y do wgl\u0105du),<\/li>\n\n\n\n<li>decyzje o korzystaniu lub niekorzystaniu ze \u015bwiadcze\u0144 socjalnych (GOPS, kserokopie),<\/li>\n\n\n\n<li>za\u015bwiadczenia o alimentach lub ich nie\u015bci\u0105galno\u015bci,<\/li>\n\n\n\n<li>za\u015bwiadczenie z Urz\u0119du Gminy o wielko\u015bci hektar\u00f3w przeliczeniowych,<\/li>\n\n\n\n<li>za\u015bwiadczenie o figurowaniu w bazie PUP os\u00f3b bezrobotnych.<\/li>\n<\/ul>\n<\/li>\n<\/ul>\n\n\n\n<p><strong>Kiedy sk\u0142ada si\u0119 wniosek?<\/strong><\/p>\n\n\n\n<p>Termin nieprzekraczalny sk\u0142adania wniosk\u00f3w to <strong>od 1 wrze\u015bnia do 15 wrze\u015bnia<\/strong> danego roku (dla kolegi\u00f3w nauczycielskich, j\u0119zyk\u00f3w obcych i pracownik\u00f3w s\u0142u\u017cb spo\u0142ecznych &#8211; do 15 pa\u017adziernika).<br>Tylko w wyj\u0105tkowych sytuacjach i udokumentowanych zdarzeniach termin mo\u017ce ulec wyd\u0142u\u017ceniu.<\/p>\n\n\n\n<p><strong>ZASI\u0141EK SZKOLNY<\/strong><\/p>\n\n\n\n<p><strong>WNIOSEK nale\u017cy z\u0142o\u017cy\u0107 w terminie DW\u00d3CH MIESI\u0118CY OD DNIA WYST\u0104PIENIA OKOLICZNO\u015aCI<\/strong><\/p>\n\n\n\n<ol class=\"wp-block-list\">\n<li>Zasi\u0142ek szkolny mo\u017ce by\u0107 przyznany w formie \u015bwiadczenia pieni\u0119\u017cnego na pokrycie wydatk\u00f3w zwi\u0105zanych z procesem edukacyjnym lub w formie pomocy rzeczowej o charakterze edukacyjnym 2.zasi\u0142ek szkolny realizowany jest poprzez zwrot poniesionych na CELE EDUKACYJNE wydatk\u00f3w, po ich udokumentowaniu<\/li>\n<\/ol>\n\n\n\n<p><strong>Zasi\u0142ek szkolny mo\u017ce by\u0107 przyznany w przypadku:<\/strong><\/p>\n\n\n\n<ul class=\"wp-block-list\">\n<li>\u015bmierci rodzica lub prawnego opiekuna<\/li>\n\n\n\n<li>kl\u0119ski \u017cywio\u0142owej<\/li>\n\n\n\n<li>wydatk\u00f3w zwi\u0105zanych z d\u0142ugotrwa\u0142\u0105 chorob\u0105 (ucznia, czy w rodzinie)<\/li>\n\n\n\n<li>innych, szczeg\u00f3lnych okoliczno\u015bci<\/li>\n<\/ul>\n\n\n\n<p><strong>do ubiegania si\u0119 o zasi\u0142ek szkolny uprawnieni s\u0105 wszyscy uczniowie, kt\u00f3rzy spe\u0142niaj\u0105 \u0142\u0105cznie nast\u0119puj\u0105ce kryteria:<\/strong><\/p>\n\n\n\n<ul class=\"wp-block-list\">\n<li>maj\u0105 miejsce zamieszkania na terenie Gminy S\u0142upno<\/li>\n\n\n\n<li>w rodzinie zaistnia\u0142o w\/w zdarzenie.<\/li>\n<\/ul>\n\n\n\n<h3 class=\"wp-block-heading\">Pliki do pobrania<\/h3>\n\n\n\n<ul class=\"wp-block-list\">\n<li><a href=\"https:\/\/cus.slupno.eu\/web\/index.php?c=getfile&amp;id=8\" target=\"_blank\" rel=\"noreferrer noopener\">Stypendium szkolne<\/a> (173.85 KB)<\/li>\n\n\n\n<li><a href=\"https:\/\/cus.slupno.eu\/web\/index.php?c=getfile&amp;id=9\" target=\"_blank\" rel=\"noreferrer noopener\">Zasi\u0142ek szkolny<\/a> (27.28 KB)<\/li>\n<\/ul>\n","protected":false},"excerpt":{"rendered":"<p>Co to jest socjalne stypendium szkolne? To \u015bwiadczenie przydzielane uczniom w trudnej sytuacji materialnej i \u017cyciowej&nbsp;na pokrycie wydatk\u00f3w zwi\u0105zanych z edukacj\u0105. Nale\u017c\u0105 do nich: zaj\u0119cia dydaktyczne, j\u0119zykowe, artystyczne, sprz\u0119t komputerowy, wyposa\u017cenie ucznia, podr\u0119czniki, odzie\u017c sportowa, internet i wiele innych. Trzeba pami\u0119ta\u0107 o dokumentowaniu wydatk\u00f3w &#8211; instytucja przydzielaj\u0105ca \u015bwiadczenie mo\u017ce poprosi\u0107 o ich przed\u0142o\u017cenie. Komu przys\u0142uguje [&hellip;]<\/p>\n","protected":false},"author":1,"featured_media":0,"parent":0,"menu_order":0,"comment_status":"closed","ping_status":"closed","template":"","meta":{"footnotes":""},"class_list":["post-297","page","type-page","status-publish","hentry"],"_links":{"self":[{"href":"https:\/\/cus.slupno.eu\/www\/wp-json\/wp\/v2\/pages\/297","targetHints":{"allow":["GET"]}}],"collection":[{"href":"https:\/\/cus.slupno.eu\/www\/wp-json\/wp\/v2\/pages"}],"about":[{"href":"https:\/\/cus.slupno.eu\/www\/wp-json\/wp\/v2\/types\/page"}],"author":[{"embeddable":true,"href":"https:\/\/cus.slupno.eu\/www\/wp-json\/wp\/v2\/users\/1"}],"replies":[{"embeddable":true,"href":"https:\/\/cus.slupno.eu\/www\/wp-json\/wp\/v2\/comments?post=297"}],"version-history":[{"count":1,"href":"https:\/\/cus.slupno.eu\/www\/wp-json\/wp\/v2\/pages\/297\/revisions"}],"predecessor-version":[{"id":298,"href":"https:\/\/cus.slupno.eu\/www\/wp-json\/wp\/v2\/pages\/297\/revisions\/298"}],"wp:attachment":[{"href":"https:\/\/cus.slupno.eu\/www\/wp-json\/wp\/v2\/media?parent=297"}],"curies":[{"name":"wp","href":"https:\/\/api.w.org\/{rel}","templated":true}]}}