{"id":318,"date":"2025-07-28T13:57:38","date_gmt":"2025-07-28T11:57:38","guid":{"rendered":"https:\/\/cus.slupno.eu\/www\/?page_id=318"},"modified":"2025-07-28T13:57:38","modified_gmt":"2025-07-28T11:57:38","slug":"opiekunowie-dzienni","status":"publish","type":"page","link":"https:\/\/cus.slupno.eu\/www\/opiekunowie-dzienni\/","title":{"rendered":"Opiekunowie dzienni"},"content":{"rendered":"\n<p>Gmina S\u0142upno\/Gminny O\u015brodek Pomocy Spo\u0142ecznej w S\u0142upnie w zwi\u0105zku<br>z zako\u0144czeniem projektu pn.: <strong>\u201eCentrum Aktywizacji Senior\u00f3w\u201d<\/strong> &nbsp;realizowanego w okresie 01.10.2017 r. \u2013 30.09.2019 r. w ramach Regionalnego Programu Operacyjnego Wojew\u00f3dztwa Mazowieckiego na lata 2014 \u2013 2020, Priorytet IX Wspieranie w\u0142\u0105czenia spo\u0142ecznego i walka z ub\u00f3stwem, Dzia\u0142anie 9.2 Us\u0142ugi spo\u0142eczne i us\u0142ugi opieki zdrowotnej, Umowa nr RPMA.09.02.01-14-8101\/17-00 og\u0142asza gotowo\u015b\u0107 \u015bwiadczenia us\u0142ug spo\u0142ecznych pod postaci\u0105 opiekuna dziennego co najmniej przez okres odpowiadaj\u0105cy okresowi realizacji projektu tj. 24 miesi\u0119cy.<\/p>\n\n\n\n<p>Celem opieki dziennej jest: zwi\u0119kszenie aktywno\u015bci spo\u0142ecznej os\u00f3b starszych w ramach Centrum Seniora gdzie osoby starsze b\u0119d\u0105 obj\u0119te profesjonaln\u0105 opiek\u0105 i us\u0142ugami spo\u0142ecznymi.<\/p>\n\n\n\n<p>Szczeg\u00f3\u0142owy zakres wsparcia b\u0119dzie zgodny ze zg\u0142oszonym zapotrzebowaniem.<\/p>\n\n\n\n<p>Dodatkowych informacji mo\u017cna zasi\u0119gn\u0105\u0107 w Gminnym O\u015brodku Pomocy Spo\u0142ecznej w S\u0142upnie &nbsp;pod nr tel. 24&nbsp;261-95-54<\/p>\n\n\n\n<figure class=\"wp-block-image\"><img decoding=\"async\" src=\"http:\/\/gops.slupno.eu\/www\/container\/Opiekun dzienny-1-1.jpg\" alt=\"\"\/><\/figure>\n\n\n\n<p><\/p>\n","protected":false},"excerpt":{"rendered":"<p>Gmina S\u0142upno\/Gminny O\u015brodek Pomocy Spo\u0142ecznej w S\u0142upnie w zwi\u0105zkuz zako\u0144czeniem projektu pn.: \u201eCentrum Aktywizacji Senior\u00f3w\u201d &nbsp;realizowanego w okresie 01.10.2017 r. \u2013 30.09.2019 r. w ramach Regionalnego Programu Operacyjnego Wojew\u00f3dztwa Mazowieckiego na lata 2014 \u2013 2020, Priorytet IX Wspieranie w\u0142\u0105czenia spo\u0142ecznego i walka z ub\u00f3stwem, Dzia\u0142anie 9.2 Us\u0142ugi spo\u0142eczne i us\u0142ugi opieki zdrowotnej, Umowa nr RPMA.09.02.01-14-8101\/17-00 [&hellip;]<\/p>\n","protected":false},"author":1,"featured_media":0,"parent":0,"menu_order":0,"comment_status":"closed","ping_status":"closed","template":"","meta":{"footnotes":""},"class_list":["post-318","page","type-page","status-publish","hentry"],"_links":{"self":[{"href":"https:\/\/cus.slupno.eu\/www\/wp-json\/wp\/v2\/pages\/318","targetHints":{"allow":["GET"]}}],"collection":[{"href":"https:\/\/cus.slupno.eu\/www\/wp-json\/wp\/v2\/pages"}],"about":[{"href":"https:\/\/cus.slupno.eu\/www\/wp-json\/wp\/v2\/types\/page"}],"author":[{"embeddable":true,"href":"https:\/\/cus.slupno.eu\/www\/wp-json\/wp\/v2\/users\/1"}],"replies":[{"embeddable":true,"href":"https:\/\/cus.slupno.eu\/www\/wp-json\/wp\/v2\/comments?post=318"}],"version-history":[{"count":1,"href":"https:\/\/cus.slupno.eu\/www\/wp-json\/wp\/v2\/pages\/318\/revisions"}],"predecessor-version":[{"id":319,"href":"https:\/\/cus.slupno.eu\/www\/wp-json\/wp\/v2\/pages\/318\/revisions\/319"}],"wp:attachment":[{"href":"https:\/\/cus.slupno.eu\/www\/wp-json\/wp\/v2\/media?parent=318"}],"curies":[{"name":"wp","href":"https:\/\/api.w.org\/{rel}","templated":true}]}}