{"id":334,"date":"2025-07-28T14:08:00","date_gmt":"2025-07-28T12:08:00","guid":{"rendered":"https:\/\/cus.slupno.eu\/www\/?page_id=334"},"modified":"2025-07-28T14:08:00","modified_gmt":"2025-07-28T12:08:00","slug":"pomoc-obywatelom-ukrainy","status":"publish","type":"page","link":"https:\/\/cus.slupno.eu\/www\/pomoc-obywatelom-ukrainy\/","title":{"rendered":"Pomoc obywatelom Ukrainy"},"content":{"rendered":"\n<p>WYDANIE SPECJALNE NUMERU &#8222;G\u0141OS S\u0141UPNA&#8221;.<\/p>\n\n\n\n<figure class=\"wp-block-image\"><img decoding=\"async\" src=\"http:\/\/cus.slupno.eu\/www\/container\/275996563-3273154699627164-2871558335258601492-n.jpg\" alt=\"\"\/><\/figure>\n\n\n\n<figure class=\"wp-block-image\"><img decoding=\"async\" src=\"http:\/\/cus.slupno.eu\/www\/container\/275854210-3273154696293831-6622119433554537405-n.jpg\" alt=\"\"\/><\/figure>\n\n\n\n<h3 class=\"wp-block-heading\">Pliki do pobrania<\/h3>\n\n\n\n<ul class=\"wp-block-list\">\n<li><a href=\"https:\/\/cus.slupno.eu\/web\/index.php?c=getfile&amp;id=375\" target=\"_blank\" rel=\"noreferrer noopener\">Wniosek o \u015bwiadczenie pieni\u0119\u017cne na zapewnienie zakwaterowania i wy\u017cywienia Ukrai\u0144com<\/a> (541.04 KB)<\/li>\n\n\n\n<li><a href=\"https:\/\/cus.slupno.eu\/web\/index.php?c=getfile&amp;id=376\" target=\"_blank\" rel=\"noreferrer noopener\">Za\u0142\u0105cznik do wniosku o \u015bwiadczenie pieni\u0119\u017cne za zapewnienie zakwaterowania<\/a> (328.05 KB)<\/li>\n\n\n\n<li><a href=\"https:\/\/cus.slupno.eu\/web\/index.php?c=getfile&amp;id=292\" target=\"_blank\" rel=\"noreferrer noopener\">Wniosek o jednorazowe \u015bwiadczenie &#8211; UKRAINA<\/a> (599.59 KB)<\/li>\n\n\n\n<li><a href=\"https:\/\/cus.slupno.eu\/web\/index.php?c=getfile&amp;id=294\" target=\"_blank\" rel=\"noreferrer noopener\">RODO &#8211; \u015awiadczenie za zakwaterowanie i wy\u017cywienie obywateli Ukrainy.<\/a> (469.86 KB)<\/li>\n\n\n\n<li><a href=\"https:\/\/cus.slupno.eu\/web\/index.php?c=getfile&amp;id=295\" target=\"_blank\" rel=\"noreferrer noopener\">Jednorazowe \u015bwiadczenie pieni\u0119\u017cne ( Ukraina)<\/a> (532.63 KB)<\/li>\n<\/ul>\n","protected":false},"excerpt":{"rendered":"<p>WYDANIE SPECJALNE NUMERU &#8222;G\u0141OS S\u0141UPNA&#8221;. Pliki do pobrania<\/p>\n","protected":false},"author":1,"featured_media":0,"parent":0,"menu_order":0,"comment_status":"closed","ping_status":"closed","template":"","meta":{"footnotes":""},"class_list":["post-334","page","type-page","status-publish","hentry"],"_links":{"self":[{"href":"https:\/\/cus.slupno.eu\/www\/wp-json\/wp\/v2\/pages\/334","targetHints":{"allow":["GET"]}}],"collection":[{"href":"https:\/\/cus.slupno.eu\/www\/wp-json\/wp\/v2\/pages"}],"about":[{"href":"https:\/\/cus.slupno.eu\/www\/wp-json\/wp\/v2\/types\/page"}],"author":[{"embeddable":true,"href":"https:\/\/cus.slupno.eu\/www\/wp-json\/wp\/v2\/users\/1"}],"replies":[{"embeddable":true,"href":"https:\/\/cus.slupno.eu\/www\/wp-json\/wp\/v2\/comments?post=334"}],"version-history":[{"count":1,"href":"https:\/\/cus.slupno.eu\/www\/wp-json\/wp\/v2\/pages\/334\/revisions"}],"predecessor-version":[{"id":335,"href":"https:\/\/cus.slupno.eu\/www\/wp-json\/wp\/v2\/pages\/334\/revisions\/335"}],"wp:attachment":[{"href":"https:\/\/cus.slupno.eu\/www\/wp-json\/wp\/v2\/media?parent=334"}],"curies":[{"name":"wp","href":"https:\/\/api.w.org\/{rel}","templated":true}]}}