{"id":363,"date":"2025-07-28T18:35:02","date_gmt":"2025-07-28T16:35:02","guid":{"rendered":"https:\/\/cus.slupno.eu\/www\/?page_id=363"},"modified":"2025-07-28T18:35:02","modified_gmt":"2025-07-28T16:35:02","slug":"zespol-specjalistycznych-uslug-opiekunczych","status":"publish","type":"page","link":"https:\/\/cus.slupno.eu\/www\/zespol-specjalistycznych-uslug-opiekunczych\/","title":{"rendered":"Zesp\u00f3\u0142 Specjalistycznych Us\u0142ug Opieku\u0144czych"},"content":{"rendered":"\n<p><strong>SPECJALISTYCZNE US\u0141UGI OPIEKU\u0143CZE<\/strong> przeznaczone s\u0105 dla os\u00f3b z zaburzeniami psychicznymi, czyli os\u00f3b chorych psychicznie (wykazuj\u0105cych zaburzenia psychotyczne), upo\u015bledzonych umys\u0142owo oraz wykazuj\u0105cych inne zak\u0142\u00f3cenia czynno\u015bci psychicznych, kt\u00f3re zgodnie ze stanem wiedzy medycznej zaliczane s\u0105 do zaburze\u0144 psychicznych, a osoba ta wymaga \u015bwiadcze\u0144 zdrowotnych lub innych form pomocy i opieki niezb\u0119dnych do \u017cycia w \u015brodowisku rodzinnym lub spo\u0142ecznym.<\/p>\n\n\n\n<p>Specjalistyczne Us\u0142ugi Opieku\u0144cze \u015bwiadczone s\u0105 w miejscu zamieszkania chorego przez wykwalifikowany personel. Dzia\u0142ania terapeutyczne w \u015brodowisku maj\u0105 doprowadzi\u0107 do zminimalizowania skutk\u00f3w niepe\u0142nosprawno\u015bci w sferze zdrowia psychicznego, popraw\u0119 jako\u015bci \u017cycia, nabycia umiej\u0119tno\u015bci spo\u0142ecznego funkcjonowania w \u015brodowisku rodzinno &#8211; spo\u0142ecznym.<\/p>\n\n\n\n<p>Zesp\u00f3\u0142 terapeutyczno &#8211; diagnostyczny opracowuje Indywidualny Program Terapeutyczny dostosowany do potrzeb i mo\u017cliwo\u015bci psychofizycznych os\u00f3b korzystaj\u0105cych z tej formy pomocy.<\/p>\n","protected":false},"excerpt":{"rendered":"<p>SPECJALISTYCZNE US\u0141UGI OPIEKU\u0143CZE przeznaczone s\u0105 dla os\u00f3b z zaburzeniami psychicznymi, czyli os\u00f3b chorych psychicznie (wykazuj\u0105cych zaburzenia psychotyczne), upo\u015bledzonych umys\u0142owo oraz wykazuj\u0105cych inne zak\u0142\u00f3cenia czynno\u015bci psychicznych, kt\u00f3re zgodnie ze stanem wiedzy medycznej zaliczane s\u0105 do zaburze\u0144 psychicznych, a osoba ta wymaga \u015bwiadcze\u0144 zdrowotnych lub innych form pomocy i opieki niezb\u0119dnych do \u017cycia w \u015brodowisku rodzinnym lub [&hellip;]<\/p>\n","protected":false},"author":2,"featured_media":0,"parent":0,"menu_order":0,"comment_status":"closed","ping_status":"closed","template":"","meta":{"footnotes":""},"class_list":["post-363","page","type-page","status-publish","hentry"],"_links":{"self":[{"href":"https:\/\/cus.slupno.eu\/www\/wp-json\/wp\/v2\/pages\/363","targetHints":{"allow":["GET"]}}],"collection":[{"href":"https:\/\/cus.slupno.eu\/www\/wp-json\/wp\/v2\/pages"}],"about":[{"href":"https:\/\/cus.slupno.eu\/www\/wp-json\/wp\/v2\/types\/page"}],"author":[{"embeddable":true,"href":"https:\/\/cus.slupno.eu\/www\/wp-json\/wp\/v2\/users\/2"}],"replies":[{"embeddable":true,"href":"https:\/\/cus.slupno.eu\/www\/wp-json\/wp\/v2\/comments?post=363"}],"version-history":[{"count":1,"href":"https:\/\/cus.slupno.eu\/www\/wp-json\/wp\/v2\/pages\/363\/revisions"}],"predecessor-version":[{"id":364,"href":"https:\/\/cus.slupno.eu\/www\/wp-json\/wp\/v2\/pages\/363\/revisions\/364"}],"wp:attachment":[{"href":"https:\/\/cus.slupno.eu\/www\/wp-json\/wp\/v2\/media?parent=363"}],"curies":[{"name":"wp","href":"https:\/\/api.w.org\/{rel}","templated":true}]}}