{"id":474,"date":"2025-07-28T20:05:32","date_gmt":"2025-07-28T18:05:32","guid":{"rendered":"https:\/\/cus.slupno.eu\/www\/?page_id=474"},"modified":"2025-07-28T20:05:32","modified_gmt":"2025-07-28T18:05:32","slug":"indywidualne-zajecia-z-zakresu-rehabilitacji-ruchowej","status":"publish","type":"page","link":"https:\/\/cus.slupno.eu\/www\/indywidualne-zajecia-z-zakresu-rehabilitacji-ruchowej\/","title":{"rendered":"Indywidualne zaj\u0119cia z zakresu rehabilitacji ruchowej"},"content":{"rendered":"\n<p>Za\u0142o\u017cone cele b\u0119d\u0105 realizowane poprzez zaj\u0119cia prowadzone indywidualnie z ka\u017cdym dzieckiem, w formie zaproponowanej przez terapeut\u0119 oraz dostosowane do mo\u017cliwo\u015bci psychoruchowych dziecka zgodne z zaleceniami. Post\u0119puj\u0105c i usprawniaj\u0105c zawsze zgodnie z zasada rozwojowa. Systematyczno\u015b\u0107 zaj\u0119\u0107 z rehabilitacji ruchowej przyczynia\u0107 si\u0119 b\u0119dzie nie tylko do zwi\u0119kszenia ruchomo\u015bci w stawach, czy normalizacji si\u0142y mi\u0119\u015bniowej podnosz\u0105c tym samym lepsz\u0105 funkcjonalno\u015b\u0107 organizmu jako ca\u0142o\u015bci. Stymulacja dziecka w zakresie rehabilitacji ruchowej jest cz\u0119sto procesem d\u0142ugotrwa\u0142ym i musi by\u0107 prowadzona systematycznie. Odpowiednio dobrane formy i metody terapii przynosz\u0105 nam za\u0142o\u017cone efekty terapii.<\/p>\n\n\n\n<p>Zadaniem zaj\u0119\u0107 jest:<br><br>\u2022 Normalizacja wielko\u015bci i rozk\u0142adu napi\u0119cia mi\u0119\u015bniowego<br>\u2022 Eliminowanie ogranicze\u0144 ruchowych dziecka<br>\u2022 Zapobieganie oraz korekcja istniej\u0105cych wad postaw u dzieci.<br>\u2022 Kszta\u0142towanie prawid\u0142owej postawy cia\u0142a<br>\u2022 Hamowanie nieprawid\u0142owych odruch\u00f3w postawy<br>\u2022 Poprawa og\u00f3lnej sprawno\u015bci motorycznej<br>\u2022 Stymulacja koordynacji wzrokowo-ruchowej,<br>\u2022 Rozci\u0105ganie mi\u0119\u015bni nadmiernie przykurczonych i skracanie nadmiernie rozci\u0105gni\u0119tych,<br>\u2022 Zwi\u0119kszenie zakresu ruchu w stawach,<br>\u2022 Wzmacnianie stabilizacji centralnej cia\u0142a,<\/p>\n","protected":false},"excerpt":{"rendered":"<p>Za\u0142o\u017cone cele b\u0119d\u0105 realizowane poprzez zaj\u0119cia prowadzone indywidualnie z ka\u017cdym dzieckiem, w formie zaproponowanej przez terapeut\u0119 oraz dostosowane do mo\u017cliwo\u015bci psychoruchowych dziecka zgodne z zaleceniami. Post\u0119puj\u0105c i usprawniaj\u0105c zawsze zgodnie z zasada rozwojowa. Systematyczno\u015b\u0107 zaj\u0119\u0107 z rehabilitacji ruchowej przyczynia\u0107 si\u0119 b\u0119dzie nie tylko do zwi\u0119kszenia ruchomo\u015bci w stawach, czy normalizacji si\u0142y mi\u0119\u015bniowej podnosz\u0105c tym samym [&hellip;]<\/p>\n","protected":false},"author":2,"featured_media":0,"parent":0,"menu_order":0,"comment_status":"closed","ping_status":"closed","template":"","meta":{"footnotes":""},"class_list":["post-474","page","type-page","status-publish","hentry"],"_links":{"self":[{"href":"https:\/\/cus.slupno.eu\/www\/wp-json\/wp\/v2\/pages\/474","targetHints":{"allow":["GET"]}}],"collection":[{"href":"https:\/\/cus.slupno.eu\/www\/wp-json\/wp\/v2\/pages"}],"about":[{"href":"https:\/\/cus.slupno.eu\/www\/wp-json\/wp\/v2\/types\/page"}],"author":[{"embeddable":true,"href":"https:\/\/cus.slupno.eu\/www\/wp-json\/wp\/v2\/users\/2"}],"replies":[{"embeddable":true,"href":"https:\/\/cus.slupno.eu\/www\/wp-json\/wp\/v2\/comments?post=474"}],"version-history":[{"count":1,"href":"https:\/\/cus.slupno.eu\/www\/wp-json\/wp\/v2\/pages\/474\/revisions"}],"predecessor-version":[{"id":475,"href":"https:\/\/cus.slupno.eu\/www\/wp-json\/wp\/v2\/pages\/474\/revisions\/475"}],"wp:attachment":[{"href":"https:\/\/cus.slupno.eu\/www\/wp-json\/wp\/v2\/media?parent=474"}],"curies":[{"name":"wp","href":"https:\/\/api.w.org\/{rel}","templated":true}]}}