{"id":829,"date":"2025-08-04T19:47:24","date_gmt":"2025-08-04T17:47:24","guid":{"rendered":"https:\/\/cus.slupno.eu\/www\/?page_id=829"},"modified":"2025-08-04T19:47:24","modified_gmt":"2025-08-04T17:47:24","slug":"trwalosc-projektu","status":"publish","type":"page","link":"https:\/\/cus.slupno.eu\/www\/trwalosc-projektu\/","title":{"rendered":"Trwa\u0142o\u015b\u0107 projektu"},"content":{"rendered":"\n<p>Gmina S\u0142upno\/Gminny O\u015brodek Pomocy Spo\u0142ecznej w S\u0142upnie w zwi\u0105zku z zako\u0144czeniem projektu pn.: <strong>\u201eKlub Integracji Spo\u0142ecznej w Gminie S\u0142upno\u201d<\/strong> realizowanego w okresie 01.05.2018 r.\u201330.07.2020 r., wsp\u00f3\u0142finansowanego ze \u015brodk\u00f3w Unii Europejskiej w ramach Europejskiego Funduszu Spo\u0142ecznego, Regionalny Program Operacyjny Wojew\u00f3dztwa Mazowieckiego na lata 2014-2020, O\u015b Priorytetowa IX: Wspieranie w\u0142\u0105czenia spo\u0142ecznego i walka z ub\u00f3stwem, Dzia\u0142anie 9.1 Aktywizacja Spo\u0142eczno &#8211; zawodowa os\u00f3b wykluczonych i przeciwdzia\u0142anie wykluczeniu spo\u0142ecznemu. Umowa nr RPMA.09.01.00-14-9597\/17-00 og\u0142asza gotowo\u015b\u0107 \u015bwiadczenia us\u0142ug s\u0142u\u017c\u0105cych reintegracji spo\u0142ecznej i zawodowej w postaci dzia\u0142ania Klubu Integracji Spo\u0142ecznej co najmniej przez okres odpowiadaj\u0105cy okresowi realizacji projektu tj. 24 miesi\u0119cy od dnia 01.01.2021r.<\/p>\n\n\n\n<p>Celem <strong>Klubu Integracji Spo\u0142ecznej<\/strong> jest: wzmocnienie aktywno\u015bci i samodzielno\u015bci \u017cyciowej os\u00f3b korzystaj\u0105cych z pomocy spo\u0142ecznej zamieszkuj\u0105cych na terenie gminy S\u0142upno.<\/p>\n\n\n\n<p>Szczeg\u00f3\u0142owy zakres wsparcia b\u0119dzie zgodny ze zg\u0142oszonym zapotrzebowaniem.<\/p>\n\n\n\n<p>Dodatkowych informacji mo\u017cna zasi\u0119gn\u0105\u0107 w Gminnym O\u015brodku Pomocy Spo\u0142ecznej&nbsp; w S\u0142upnie&nbsp; pod nr tel. 24&nbsp;261-95-54<\/p>\n","protected":false},"excerpt":{"rendered":"<p>Gmina S\u0142upno\/Gminny O\u015brodek Pomocy Spo\u0142ecznej w S\u0142upnie w zwi\u0105zku z zako\u0144czeniem projektu pn.: \u201eKlub Integracji Spo\u0142ecznej w Gminie S\u0142upno\u201d realizowanego w okresie 01.05.2018 r.\u201330.07.2020 r., wsp\u00f3\u0142finansowanego ze \u015brodk\u00f3w Unii Europejskiej w ramach Europejskiego Funduszu Spo\u0142ecznego, Regionalny Program Operacyjny Wojew\u00f3dztwa Mazowieckiego na lata 2014-2020, O\u015b Priorytetowa IX: Wspieranie w\u0142\u0105czenia spo\u0142ecznego i walka z ub\u00f3stwem, Dzia\u0142anie 9.1 [&hellip;]<\/p>\n","protected":false},"author":2,"featured_media":0,"parent":0,"menu_order":0,"comment_status":"closed","ping_status":"closed","template":"","meta":{"footnotes":""},"class_list":["post-829","page","type-page","status-publish","hentry"],"_links":{"self":[{"href":"https:\/\/cus.slupno.eu\/www\/wp-json\/wp\/v2\/pages\/829","targetHints":{"allow":["GET"]}}],"collection":[{"href":"https:\/\/cus.slupno.eu\/www\/wp-json\/wp\/v2\/pages"}],"about":[{"href":"https:\/\/cus.slupno.eu\/www\/wp-json\/wp\/v2\/types\/page"}],"author":[{"embeddable":true,"href":"https:\/\/cus.slupno.eu\/www\/wp-json\/wp\/v2\/users\/2"}],"replies":[{"embeddable":true,"href":"https:\/\/cus.slupno.eu\/www\/wp-json\/wp\/v2\/comments?post=829"}],"version-history":[{"count":1,"href":"https:\/\/cus.slupno.eu\/www\/wp-json\/wp\/v2\/pages\/829\/revisions"}],"predecessor-version":[{"id":830,"href":"https:\/\/cus.slupno.eu\/www\/wp-json\/wp\/v2\/pages\/829\/revisions\/830"}],"wp:attachment":[{"href":"https:\/\/cus.slupno.eu\/www\/wp-json\/wp\/v2\/media?parent=829"}],"curies":[{"name":"wp","href":"https:\/\/api.w.org\/{rel}","templated":true}]}}

Trwałość projektu

<p>Gmina Słupno/Gminny Ośrodek Pomocy Społecznej w Słupnie w związku z zakończeniem projektu pn.: <strong>„Klub Integracji Społecznej w Gminie Słupno”</strong> realizowanego w okresie 01.05.2018 r.–30.07.2020 r., współfinansowanego ze środków Unii Europejskiej w ramach Europejskiego Funduszu Społecznego, Regionalny Program Operacyjny Województwa Mazowieckiego na lata 2014-2020, Oś Priorytetowa IX: Wspieranie włączenia społecznego i walka z ubóstwem, Działanie 9.1 Aktywizacja Społeczno &#8211; zawodowa osób wykluczonych i przeciwdziałanie wykluczeniu społecznemu. Umowa nr RPMA.09.01.00-14-9597/17-00 ogłasza gotowość świadczenia usług służących reintegracji społecznej i zawodowej w postaci działania Klubu Integracji Społecznej co najmniej przez okres odpowiadający okresowi realizacji projektu tj. 24 miesięcy od dnia 01.01.2021r.</p>



<p>Celem <strong>Klubu Integracji Społecznej</strong> jest: wzmocnienie aktywności i samodzielności życiowej osób korzystających z pomocy społecznej zamieszkujących na terenie gminy Słupno.</p>



<p>Szczegółowy zakres wsparcia będzie zgodny ze zgłoszonym zapotrzebowaniem.</p>



<p>Dodatkowych informacji można zasięgnąć w Gminnym Ośrodku Pomocy Społecznej&nbsp; w Słupnie&nbsp; pod nr tel. 24&nbsp;261-95-54</p>

<p>Gmina Słupno/Gminny Ośrodek Pomocy Społecznej w Słupnie w związku z zakończeniem projektu pn.: „Klub Integracji Społecznej w Gminie Słupno” realizowanego w okresie 01.05.2018 r.–30.07.2020 r., współfinansowanego ze środków Unii Europejskiej w ramach Europejskiego Funduszu Społecznego, Regionalny Program Operacyjny Województwa Mazowieckiego na lata 2014-2020, Oś Priorytetowa IX: Wspieranie włączenia społecznego i walka z ubóstwem, Działanie 9.1 [&hellip;]</p>
