{"id":834,"date":"2025-08-04T19:48:37","date_gmt":"2025-08-04T17:48:37","guid":{"rendered":"https:\/\/cus.slupno.eu\/www\/?page_id=834"},"modified":"2025-08-04T19:48:38","modified_gmt":"2025-08-04T17:48:38","slug":"wypozyczalnia-sprzetu-rehabilitacyjnego-2","status":"publish","type":"page","link":"https:\/\/cus.slupno.eu\/www\/wypozyczalnia-sprzetu-rehabilitacyjnego-2\/","title":{"rendered":"Wypo\u017cyczalnia sprz\u0119tu rehabilitacyjnego"},"content":{"rendered":"\n<p>Gmina S\u0142upno\/Gminny O\u015brodek Pomocy Spo\u0142ecznej w S\u0142upnie w zwi\u0105zku<br>z zako\u0144czeniem projektu pn.: <strong>\u201eCentrum Aktywizacji Senior\u00f3w\u201d<\/strong> &nbsp;realizowanego w okresie 01.10.2017 r. \u2013 30.09.2019 r. w ramach Regionalnego Programu Operacyjnego Wojew\u00f3dztwa Mazowieckiego na lata 2014 \u2013 2020, Priorytet IX Wspieranie w\u0142\u0105czenia spo\u0142ecznego i walka z ub\u00f3stwem, Dzia\u0142anie 9.2 Us\u0142ugi spo\u0142eczne i us\u0142ugi opieki zdrowotnej, Umowa nr RPMA.09.02.01-14-8101\/17-00 og\u0142asza gotowo\u015b\u0107 \u015bwiadczenia us\u0142ug spo\u0142ecznych pod postaci\u0105<strong> wypo\u017cyczalni sprz\u0119tu piel\u0119gnacyjnego i wspomagaj\u0105cego<\/strong> co najmniej przez okres odpowiadaj\u0105cy okresowi realizacji projektu tj. 24 miesi\u0119cy.<\/p>\n\n\n\n<p>Celem wypo\u017cyczalni sprz\u0119tu jest: wspomaganie os\u00f3b wymagaj\u0105cych specjalistycznego sprz\u0119tu piel\u0119gnacyjnego i wspomagaj\u0105cego.<\/p>\n\n\n\n<p>Szczeg\u00f3\u0142owy zakres wsparcia b\u0119dzie zgodny ze zg\u0142oszonym zapotrzebowaniem.<\/p>\n\n\n\n<p>Dodatkowych informacji mo\u017cna zasi\u0119gn\u0105\u0107 w Gminnym O\u015brodku Pomocy Spo\u0142ecznej w S\u0142upnie &nbsp;pod nr tel. 24&nbsp;261-95-54<\/p>\n","protected":false},"excerpt":{"rendered":"<p>Gmina S\u0142upno\/Gminny O\u015brodek Pomocy Spo\u0142ecznej w S\u0142upnie w zwi\u0105zkuz zako\u0144czeniem projektu pn.: \u201eCentrum Aktywizacji Senior\u00f3w\u201d &nbsp;realizowanego w okresie 01.10.2017 r. \u2013 30.09.2019 r. w ramach Regionalnego Programu Operacyjnego Wojew\u00f3dztwa Mazowieckiego na lata 2014 \u2013 2020, Priorytet IX Wspieranie w\u0142\u0105czenia spo\u0142ecznego i walka z ub\u00f3stwem, Dzia\u0142anie 9.2 Us\u0142ugi spo\u0142eczne i us\u0142ugi opieki zdrowotnej, Umowa nr RPMA.09.02.01-14-8101\/17-00 [&hellip;]<\/p>\n","protected":false},"author":2,"featured_media":0,"parent":0,"menu_order":0,"comment_status":"closed","ping_status":"closed","template":"","meta":{"footnotes":""},"class_list":["post-834","page","type-page","status-publish","hentry"],"_links":{"self":[{"href":"https:\/\/cus.slupno.eu\/www\/wp-json\/wp\/v2\/pages\/834","targetHints":{"allow":["GET"]}}],"collection":[{"href":"https:\/\/cus.slupno.eu\/www\/wp-json\/wp\/v2\/pages"}],"about":[{"href":"https:\/\/cus.slupno.eu\/www\/wp-json\/wp\/v2\/types\/page"}],"author":[{"embeddable":true,"href":"https:\/\/cus.slupno.eu\/www\/wp-json\/wp\/v2\/users\/2"}],"replies":[{"embeddable":true,"href":"https:\/\/cus.slupno.eu\/www\/wp-json\/wp\/v2\/comments?post=834"}],"version-history":[{"count":1,"href":"https:\/\/cus.slupno.eu\/www\/wp-json\/wp\/v2\/pages\/834\/revisions"}],"predecessor-version":[{"id":835,"href":"https:\/\/cus.slupno.eu\/www\/wp-json\/wp\/v2\/pages\/834\/revisions\/835"}],"wp:attachment":[{"href":"https:\/\/cus.slupno.eu\/www\/wp-json\/wp\/v2\/media?parent=834"}],"curies":[{"name":"wp","href":"https:\/\/api.w.org\/{rel}","templated":true}]}}

Wypożyczalnia sprzętu rehabilitacyjnego

<p>Gmina Słupno/Gminny Ośrodek Pomocy Społecznej w Słupnie w związku<br>z zakończeniem projektu pn.: <strong>„Centrum Aktywizacji Seniorów”</strong> &nbsp;realizowanego w okresie 01.10.2017 r. – 30.09.2019 r. w ramach Regionalnego Programu Operacyjnego Województwa Mazowieckiego na lata 2014 – 2020, Priorytet IX Wspieranie włączenia społecznego i walka z ubóstwem, Działanie 9.2 Usługi społeczne i usługi opieki zdrowotnej, Umowa nr RPMA.09.02.01-14-8101/17-00 ogłasza gotowość świadczenia usług społecznych pod postacią<strong> wypożyczalni sprzętu pielęgnacyjnego i wspomagającego</strong> co najmniej przez okres odpowiadający okresowi realizacji projektu tj. 24 miesięcy.</p>



<p>Celem wypożyczalni sprzętu jest: wspomaganie osób wymagających specjalistycznego sprzętu pielęgnacyjnego i wspomagającego.</p>



<p>Szczegółowy zakres wsparcia będzie zgodny ze zgłoszonym zapotrzebowaniem.</p>



<p>Dodatkowych informacji można zasięgnąć w Gminnym Ośrodku Pomocy Społecznej w Słupnie &nbsp;pod nr tel. 24&nbsp;261-95-54</p>

<p>Gmina Słupno/Gminny Ośrodek Pomocy Społecznej w Słupnie w związkuz zakończeniem projektu pn.: „Centrum Aktywizacji Seniorów” &nbsp;realizowanego w okresie 01.10.2017 r. – 30.09.2019 r. w ramach Regionalnego Programu Operacyjnego Województwa Mazowieckiego na lata 2014 – 2020, Priorytet IX Wspieranie włączenia społecznego i walka z ubóstwem, Działanie 9.2 Usługi społeczne i usługi opieki zdrowotnej, Umowa nr RPMA.09.02.01-14-8101/17-00 [&hellip;]</p>
